 k?
11
Let g be 18/(-4)*96/(-9). Let d be (-2)/5 - 486/(-15). What is the highest common factor of d and g?
16
Let x be (-1)/(-8)*-14*8. Let y be (77/x)/(1/(-6)). Suppose 0 = -5*i + 3*i + 6. What is the highest common factor of y and i?
3
Suppose 4*t - 3 + 19 = 0, 5*f - 59 = -4*t. Suppose s - 2*q = 105, 447 = 4*s + 3*q + 27. Calculate the highest common divisor of f and s.
15
Let a(h) = h**3 - 9*h**2 + 11*h - 10. Let w be a(8). Let m = 16 - w. What is the greatest common divisor of m and 4?
2
Suppose -125 - 37 = -9*h. Let o(f) = -143*f**3 - f. Let d be o(-1). What is the highest common factor of d and h?
18
Let w(y) = y**3 + y**2 + y + 21. Let c be w(0). Let a be (-4)/(-16) - (-27)/4. What is the highest common divisor of a and c?
7
Let g(q) = -q**3 - 4*q**2 + 4*q + 7. Let b be g(-5). What is the highest common divisor of b and 4?
4
Suppose -6*v + 4*v = 5*i - 158, 5*v = -5*i + 155. What is the highest common divisor of i and 2?
2
Let c(d) = 5*d**2 - 2*d**3 + 3*d**3 - 2*d + 3*d - 5*d. Let o be c(-5). What is the greatest common factor of o and 180?
20
Let p(d) = 2*d**2 + 12*d. Let r be p(-8). Suppose 3*a + 5*q = 40, -4*q = a - 5*a + r. What is the greatest common factor of a and 2?
2
Suppose -i = -21 + 3. Let s(j) = 2*j**2 - 5*j + 2. Let w be s(5). Calculate the highest common divisor of w and i.
9
Suppose -3*c - 3*c = -264. Suppose 4*p - 2*p - 22 = 0. Calculate the highest common divisor of p and c.
11
Let c be 5/(-20) + (-154)/(-8). Suppose -6*g + 2*g = s - 25, -4*g = 3*s - c. Calculate the greatest common divisor of 14 and g.
7
Suppose 2*v - 65 = 25. Suppose v = 3*s - 2*y, -s = -3*s + 2*y + 30. Suppose 2*u + 17 = 5*f + 7, 5*f - u - s = 0. What is the greatest common factor of 32 and f?
4
Let d(p) = -p**2 + 5*p + 1. Let r be d(6). Let y = -2 - r. Suppose 27 = y*x + c, -5*x = -x - 4*c - 20. Calculate the greatest common factor of x and 64.
8
Suppose -32 = -r + 12. What is the greatest common divisor of 44 and r?
44
Suppose 2*s - 54 + 12 = 0. Calculate the highest common factor of 63 and s.
21
Suppose 2*j + n = 66, -4*j + 5*n = -3*j - 55. What is the greatest common divisor of j and 7?
7
Let y(x) = -x**2 + 6*x + 1. Let d be y(6). What is the greatest common factor of 2 and d?
1
Let c(d) = -d**2 - 7*d - 7. Let p be c(-5). Let v = -4 - -16. Calculate the greatest common factor of p and v.
3
Suppose -2 = -6*a - 38. Let z(t) = -t**2 - 8*t - 2. Let k be z(a). Let y = -59 + 139. Calculate the greatest common factor of y and k.
10
Let w(o) = -2*o + 3. Let q be w(-6). Let n be (-336)/(-63) - (-2)/12*-2. What is the highest common divisor of q and n?
5
Suppose 0 = -s - h + 5, -4*s - 5*h + 19 + 3 = 0. Suppose r = s*m - 400, 5*m - 294 = r + 372. Calculate the greatest common factor of m and 19.
19
Suppose i - 3*i + 252 = 0. Let a(t) = -3*t. Let g be a(-6). Calculate the highest common divisor of g and i.
18
Let n = -6 - 2. Let b = 158 + n. What is the highest common divisor of 15 and b?
15
Let g(i) = -11*i - 7. Let q be (0 - 7) + -2 + 4. Let w be g(q). What is the greatest common divisor of 6 and w?
6
Suppose 2*g + 3*g - 65 = 0. Let b be (-1 - -3)/4*4. Suppose g - 5 = -v - 3*f, 3*v - b*f - 9 = 0. Calculate the highest common divisor of v and 1.
1
Let o = 10 + -6. Suppose o*r = -3*f + f + 74, 0 = -5*r + 4*f + 60. Suppose 4*b + r = -4*w, 3*w - 5 = 2*b + 8. What is the greatest common divisor of w and 2?
1
Let u(v) = v. Let y be u(10). Let a(o) = o**3 - 11*o**2 + 9*o + 14. Let p be a(y). What is the highest common factor of p and 28?
4
Let q(d) = -8*d - 21. Let b be q(-15). Calculate the highest common factor of 33 and b.
33
Let c(a) = 21*a - 2. Let f be 20/12 - (-3)/9. Let q be c(f). Let r be 14 + (1 - 1) + 2. Calculate the greatest common factor of r and q.
8
Suppose 3*w - 26 = 5*y + 38, -w - y + 16 = 0. Suppose 4*v - 12 = 3*v. Calculate the greatest common factor of v and w.
6
Let t(b) = 29*b**3 - 2*b**2 + b. Let d be t(1). Let c = 72 + -58. What is the greatest common divisor of c and d?
14
Let s(o) = -11*o - 1. Let r be s(-1). What is the greatest common factor of 90 and r?
10
Suppose 5*b - 35 = 3*c, 2*c - 3 = b - 17. Calculate the greatest common divisor of 6 and b.
2
Let o(w) = 3*w + 3. Suppose 0*u - 5*u - 40 = 0. Let f be 2/6*(u - -26). Let p be o(f). Calculate the greatest common factor of p and 147.
21
Let o(w) = 13*w**2 + 23*w - 3. Let k(g) = 7*g**2 + 12*g - 1. Let d(z) = 11*k(z) - 6*o(z). Let h be d(-5). What is the highest common divisor of h and 18?
6
Let z = 284 + -141. Calculate the greatest common factor of 13 and z.
13
Suppose 4*t + 5*u - 213 = 0, 3*t = 2*u + 19 + 158. What is the greatest common factor of t and 19?
19
Let x be (-3)/(-2) + 4/(-8). What is the greatest common factor of 11 and x?
1
Suppose 4*a + 3*g - 36 = -2*g, 2*a + 5*g - 28 = 0. Suppose -a*u = u - 5. Calculate the highest common divisor of u and 8.
1
Let c(s) = s + 16. Let y(v) = v + 17. Let l(d) = 5*c(d) - 4*y(d). Let m be l(-10). Calculate the highest common divisor of 6 and m.
2
Suppose -46 = 3*s - 430. Let z(b) = 15*b**3 + 2*b**2 - b. Let d be z(1). Calculate the highest common factor of s and d.
16
Suppose l + l - 42 = 0. What is the highest common divisor of 63 and l?
21
Let d = -21 - -37. Let s(w) = 2*w**2 - 3*w + 2. Let j be s(2). What is the greatest common divisor of d and j?
4
Let m = 40 - 20. What is the greatest common divisor of m and 5?
5
Suppose -3*o + 4 = -5. Suppose 3*k = o*u - 15, -5*u = 2*k + 2*k - 52. Calculate the greatest common divisor of u and 88.
8
Suppose -6*x + 4*x = -a - 209, 88 = x + 5*a. Suppose -2*l + 7 = x. Let g be (-2 + 0)/(2/l). Calculate the greatest common factor of 32 and g.
16
Let c be (-2)/(-3*2/27). Suppose 9*f - 4*f = 45. What is the highest common divisor of c and f?
9
Suppose 3*y - 3*w + 258 = 6*y, 335 = 4*y + w. Let i = 167 - y. Let q = -24 + 36. Calculate the highest common factor of i and q.
12
Let d be (50/(-20))/(19/20 - 1). Calculate the greatest common divisor of 10 and d.
10
Let f be 36/(-10) + (-2)/5. Let t be 2*-13*10/f. What is the highest common divisor of 13 and t?
13
Let p be (-3)/(-5) + 1*(-306)/(-15). What is the highest common factor of 42 and p?
21
Suppose 0 = -0*p - p + 4*c + 16, -4 = -4*c. Let u = 6 + -4. Suppose 0*b + 17 = j + 4*b, -u*j + p = b. Calculate the greatest common factor of 6 and j.
3
Suppose -3*s - 5 = w - 3, -s = -4*w + 18. Suppose -3*m = w*m - 539. What is the greatest common divisor of m and 7?
7
Suppose -3*v - 2*v = 1250. Let x be v/15*3/(-2). What is the greatest common factor of x and 5?
5
Let t = -61 - -66. Let q(f) = f + 1. Let w be q(0). Let v be 2 + (w - 1/1). What is the greatest common factor of t and v?
1
Suppose 9*c = 4*c - 10. Let b = c - -18. What is the highest common factor of 24 and b?
8
Suppose 2*r + 3*n - 26 = 0, -4*n + n = -r - 5. Let v(y) = -y**3 + 7*y**2 + 3*y - 5. Let o be v(r). Calculate the highest common factor of 4 and o.
4
Let u(x) = 0 + 4*x + 6*x**2 + x**3 - 2 + 3 + 0*x**3. Let h be u(-4). What is the greatest common divisor of 85 and h?
17
Suppose -46 = 5*m - 116. What is the greatest common factor of m and 7?
7
Suppose 0 = 12*q - 21 - 51. What is the greatest common factor of q and 66?
6
Suppose -3*n + 0*d = 3*d - 213, 0 = -3*d - 12. Let k be (n/6 + -3)*2. What is the greatest common factor of k and 152?
19
Let h = 68 - -82. Calculate the highest common factor of 30 and h.
30
Suppose -3*m = 4*q - 484, -3*m + 3*q + 267 = -252. Calculate the highest common divisor of 28 and m.
28
Let c(k) = -4*k + 28. Let t be c(-8). What is the greatest common divisor of 15 and t?
15
Suppose 82 = 5*q - 18. Calculate the greatest common factor of 160 and q.
20
Let x = 36 + -6. Let z = -5 - -9. Suppose -3*p = z*u - x, -39 = -4*u - p - 5. What is the greatest common factor of u and 99?
9
Let h = 3 - 3. Suppose n = -h*u + u + 11, -2*u - 49 = -5*n. Suppose 0 = -b - 4*v + 83, 0 = b + b + 5*v - 178. Calculate the highest common divisor of b and n.
9
Let g be 16 + 4/8*-2. What is the greatest common divisor of g and 15?
15
Suppose 0 = -4*y - 4 + 8. Let z be (-18)/(-8) + y/(-4). Let a = 27 + -13. What is the greatest common divisor of a and z?
2
Suppose -2*a - 23 = -4*l + 3*a, 0 = 4*l - 4*a - 28. Let x = -45 + 93. What is the greatest common factor of x and l?
12
Let g be 140/(-21)*(-6